uppose i - 998 = -5*k, 5*i - w = -k + 195. What is the hundreds digit of k?
1
Suppose -16 = l + l. Let i = l - -11. What is the units digit of 6 - i*(-2)/2?
9
Suppose 1688 = 2*j + 4*z, 5*z - 3382 = 10*j - 14*j. What is the units digit of j?
8
What is the tens digit of (-6 + 8 - -5975)/((-6)/(-6))?
7
Let c(p) = p**3 - 6*p**2 + 6*p - 3. Let n be c(5). Let s = n - -35. Let j = -32 + s. What is the units digit of j?
5
Let l = -142 - -144. Suppose 3*p = -x + 76, -l*p - 138 = -2*x - p. What is the units digit of x?
0
Let j = -58 - -63. Suppose 42 = y + j*d, 6*d - 37 = -y + 2*d. What is the units digit of y?
7
Suppose -x = 4*y - 175, -5*x + 0*y + 3*y = -852. What is the hundreds digit of x?
1
Let z be 4 - 2 - (2 + 2). What is the tens digit of (-10*50)/z + 32/8?
5
Let c(s) = s**2 - 16*s + 7. Let h be c(15). What is the units digit of 5*(h/(-2) + 9)?
5
Let l(u) = u**2 + 6*u - 4. Let i be l(-7). Suppose z = i*f + 111, -f = -z + f + 115. Suppose -3*r - 24 = -z. What is the units digit of r?
3
Let b be (-12)/6 + 4*1/2. Suppose -w - 2 = 0, 2*m + w + 0*w - 142 = b. What is the units digit of m?
2
Let v = 70 - 41. Let c = v + -26. Suppose 6*b = 5*r + 3*b - 57, c*r = -4*b + 40. What is the units digit of r?
2
Suppose 3*k = -12 + 27. Suppose m - 1 = k. What is the units digit of m?
6
Suppose 2*n + 3*c = 385, -2*c - 1403 = -5*n - 488. Suppose 3*b + 11 - n = 0. What is the units digit of b?
8
Let z(q) = 8*q**3 + 4*q**2 - 11*q - 3. Let h be z(4). What is the units digit of (-1)/(3/7 - h/1218)?
4
Let i be (-2)/(-16) + (-368)/(-128). Suppose -v = -i*j + 177 + 31, -4*v = -2*j + 142. What is the tens digit of j?
6
Let f = 40 - 24. Let j = -16 + f. Suppose j = 5*w - 25, 3*h + 26 = 4*h - w. What is the units digit of h?
1
Let r = -182 + 477. What is the tens digit of r?
9
Let i(f) = -2*f**3 + 4*f**2 - 17*f + 20. Let n(q) = -q**3 + 3*q**2 - 11*q + 13. Let z(l) = 5*i(l) - 8*n(l). What is the tens digit of z(-4)?
4
Suppose 7*c = 11*c - 8. Suppose -6 = c*i + 3*k, 5*i = i + 4*k + 28. Suppose 5 - 23 = -i*v. What is the units digit of v?
6
Suppose -3*b = -6 - 9, b + 27 = 4*v. Suppose -2*s - v = 2*s, 3*y - 502 = -4*s. Suppose -5*w + 205 = 4*o, 4*w - y = -0*o - 2*o. What is the tens digit of w?
4
Let a(d) = -673*d - 550. What is the units digit of a(-4)?
2
Let b = -123 + 200. What is the units digit of b?
7
Suppose -5*t + 2894 = k, -4*t + 6 = -t. What is the units digit of ((-28)/(-36) - 1) + k/18?
0
Suppose 5*r = 4*k + 3042, -2*k - 10 = -14. What is the units digit of r?
0
Suppose -5*b = 2*q - 292 - 1024, 10 = -5*q. What is the units digit of b?
4
Let p(d) = -d**3 + 5*d**2 - 5*d + 5. Let g be p(4). Let n(w) = 191*w**2 + w. Let y be n(g). Suppose 9*a = 12*a - y. What is the units digit of a?
4
Suppose -3*k + 95 - 20 = 0. Suppose 2*q - 3*u = 71, 8 = q + u - k. What is the units digit of q?
4
Let u be (-4)/((-5 - -2) + 1). What is the tens digit of u/(-12) - ((-268)/24 + -3)?
1
Let b(i) = 1 + 2*i - 5*i - 7*i. Let p = 54 + -57. What is the tens digit of b(p)?
3
Let x(i) = -i**3 + 20*i**2 - 19*i - 1. Let f be x(19). Let q(r) = -38*r - 2. What is the tens digit of q(f)?
3
Suppose -a - 1941 = -3*o + 2053, 5*o + 5*a - 6690 = 0. What is the thousands digit of o?
1
Let b(s) = 12*s + 196. What is the tens digit of b(32)?
8
Let z(h) = -h**3 - 6*h**2 - h - 4. Let p be z(-6). Suppose 0 = -5*f - 3*c - 2, -p*c = 6*f - 2*f. Suppose f*n - 4*n = -56. What is the tens digit of n?
2
Suppose 4*s = -2*q + 3836, -q + 2*s + 1914 = 3*s. What is the tens digit of q?
1
Suppose 0 = k - 3*x - 19 + 7, 0 = -3*k - x + 6. What is the units digit of 2/k + -6 + (-796)/(-12)?
1
Let s = 79 - -65. What is the units digit of s/18 - (2 + 1)?
5
Suppose 5*g - 4*z = 112, -4*g - z - 2*z + 102 = 0. Suppose -3*c = -g - 396. Suppose m + 4*m = c. What is the tens digit of m?
2
Suppose -2*l = 5*n + 2*l - 26, -2*l + 14 = 3*n. Suppose -3*x + 6*x = -3*o + 159, -n*o - 3*x = -109. What is the units digit of o?
0
Let k = -2634 - -3332. What is the units digit of k?
8
Let q(a) = -a**3 + 13*a**2 - 26*a + 10. Let x be q(10). Suppose 0 = 3*m + 4*y - 30, -2*m = 3*m + 2*y - x. What is the tens digit of m?
1
Let p = -17 + 17. Suppose 3*n + 3*i - 90 = p, -5*n + 6*i - i = -180. What is the tens digit of n?
3
Let c(n) = 2*n**2 + 10. Let r be c(7). Let x = 193 - r. What is the tens digit of x?
8
Let f be ((-12)/(-10))/((-15)/(75/(-2))). Suppose t = 2*m - f*m + 179, -t - 183 = -m. What is the hundreds digit of m?
1
Suppose 3*g = 3*g + 2*g. Suppose 2*k = -3*k + 10, g = 4*a + 3*k - 10. What is the units digit of a?
1
Let u be ((48/(-9))/2)/(8/24). What is the units digit of u/3*(-33)/22?
4
Suppose 4*n - 619 - 129 = 0. What is the tens digit of n?
8
Let r be 64/12*(-15)/10. Let v(w) = 3*w**2 + 6*w + 53. Let i(c) = c**2 + 2*c + 18. Let g(j) = r*i(j) + 3*v(j). What is the tens digit of g(-5)?
3
Let j be 6/30 + (-948)/15. Let z = j + 92. What is the tens digit of z?
2
Let h(l) = 3*l**3 + 2*l**2 + 2*l + 13. What is the tens digit of h(4)?
4
Suppose 0 = -0*b + 3*b + 24. Let y(v) = v**3 + 8*v**2 - v - 5. Let x be y(b). What is the units digit of (21/2)/(x/8)?
8
Suppose -5*b + 5 + 0 = 0. Let y be (b - 0)/((-1)/3). What is the units digit of y*-2*(-50)/(-12)?
5
What is the hundreds digit of 13*(-8 - -26 - 1*4)?
1
Suppose 4*c + 131 = -w - 174, 0 = -5*c + 3*w - 377. What is the units digit of c*(2 - 3)/2?
8
Let n(c) = -6*c - 34. Let r be n(-6). Suppose -3*b + 1285 = r*b. What is the hundreds digit of b?
2
Let c be ((-42)/35)/(1/(-100)). Suppose 4*l + 4 - 22 = -d, c = 4*d + 4*l. Suppose d = 2*i - 4. What is the units digit of i?
9
Suppose 188*s + 4109 = 195*s. What is the hundreds digit of s?
5
Let b = 3512 + -111. What is the tens digit of b?
0
What is the hundreds digit of (-16)/((-1152)/(-27)) + (-15814)/(-16)?
9
Let c(g) = g**3 + 34*g**2 + 40*g - 54. What is the hundreds digit of c(-28)?
5
Suppose -4*h = -16, -27*v + 26*v - h + 499 = 0. What is the tens digit of v?
9
Let d = -254 - -679. What is the units digit of d?
5
Let c = 13 - 16. Let m(o) = 6*o**2 - 6*o + 2. What is the tens digit of m(c)?
7
Let i(q) = q**2 - 3*q - 4. What is the units digit of i(-15)?
6
Let n(z) = 2*z + 5. What is the units digit of n(25)?
5
Suppose 0 = 2*t - 0*w - w + 84, 2*w = 2*t + 86. Let a = -13 - t. Let k = 17 + a. What is the tens digit of k?
4
Let i(d) = -d**3 + 5*d**2 - 3*d - 4. Let t be -4*1/(-4) + 3. Let z be i(t). Suppose -3*r - 5*u = -24, -2*r + 0*r - 2*u + 12 = z. What is the units digit of r?
3
Let y(h) = 270*h**2 + 4*h + 4. Let m be y(-1). Let x = -156 + m. What is the units digit of x?
4
Suppose -4*p + 18 = 26, -3*p = -3*c + 519. What is the units digit of c?
1
What is the units digit of (-21530)/(-25) + 4/(-20)?
1
Suppose -s - 12 = k, 5*s - 6 = 3*k - 2. Let d(m) be the third derivative of m**5/60 + m**4/12 - 5*m**3/6 + m**2 - 26. What is the tens digit of d(k)?
4
Let a be -8 + (-246)/30*-5. Suppose 0 = l, -5*i + 430 = 2*l - 0*l. Let x = i - a. What is the tens digit of x?
5
What is the units digit of 856 - (-1)/((-7)/(-14))?
8
Suppose 111 + 22 = -7*i. Let r = 55 + i. What is the tens digit of r?
3
What is the units digit of (12 + 3344/77)*182/4?
2
What is the units digit of (3/((-27)/84))/((-22)/1155)?
0
Suppose 123 + 242 = 5*y. What is the tens digit of y?
7
Let s(k) = -k**2 - 7*k - 9. Let o be s(-6). Let t be (0 - 2) + 3/o. Let y(z) = -3*z**3 - 2*z**2 + z - 2. What is the units digit of y(t)?
8
Let l be (18/10)/(-2*9/(-120)). Suppose 10*n = l*n - 236. What is the units digit of n?
8
Let c(o) = 2*o**2 - 2 - 1 - o**2 + 2*o. Let u = 70 + -65. What is the tens digit of c(u)?
3
Let b = -2 - -7. Let z be ((-2)/(-6))/(b/75). What is the units digit of (-6)/(-2) - (-24 + z)?
2
Let q(j) = 52*j - 40. Let m(l) = 1. Let i(f) = -3*m(f) + q(f). What is the units digit of i(6)?
9
Suppose i - 62 - 13 = 0. Let t = -20 + i. What is the units digit of t?
5
Let p(f) = -f**3 + 9*f**2 + f + 17. Suppose -37 = 9*k - 109. What is the units digit of p(k)?
9
Suppose 0 = -5*o + 4*z + 24, o - 8 = -0*o + 4*z. Suppose -o*c + 4*d + 200 = -d, 5*c = -d + 221. Let j = c - -13. What is the units digit of j?
8
Let c be (-2 + -1)/(4 + -6 - -3). What is the tens digit of 180 + c - 2/(-1)?
7
Let k(h) be the third derivative of h**5/12 - h**4/8 - 2*h**3/3 - 3*h**2. Let f be k(-3). Let u = f + -